 -4*y - 2*i + 83368. What is the tens digit of y?
7
Let h(b) = 94*b - 1417. What is the tens digit of h(59)?
2
Suppose -318*u = -247*u - 1002307. What is the units digit of u?
7
Let z(q) be the third derivative of 23*q**5/10 + q**3/6 + 48*q**2. What is the hundreds digit of z(-1)?
1
What is the tens digit of 748/(-8602) - (350384/(-23) - 2)?
3
Let o(q) = 5281*q**2 - 164*q - 164. What is the thousands digit of o(-1)?
5
Let t(i) = -16*i**3 - 6*i**2 + 5*i - 7. Let l(d) = d**3 + d**2 + d + 1. Let j(b) = -5*l(b) - t(b). What is the hundreds digit of j(4)?
6
What is the units digit of -29077*32/(-28) - (4 + (-203)/49)?
1
Let z(m) = 63*m**2 + 19*m - 4. Suppose -6*q + 40 - 16 = 0. What is the hundreds digit of z(q)?
0
Let h = -194 - -190. What is the hundreds digit of 253 + h*(5 + -4)?
2
Let f(u) = 2*u - 2. Let b(n) = -45*n - 219. Let g(r) = -3*b(r) - 63*f(r). What is the tens digit of g(0)?
8
What is the hundreds digit of (-9 - (-4 - -113))*((-242)/(-4))/(-11)?
6
Let g(u) = 831*u + 5392. What is the hundreds digit of g(77)?
3
Let d = -138 + -413. Let n = d - -1166. What is the units digit of n?
5
Let n = 11647 - -3058. What is the units digit of n?
5
Suppose -2*b - 878 = 730. Let i(t) = -16*t - 130. Let k be i(-8). What is the units digit of b/(-10) - k/(-5)?
0
Suppose 300*l - 2*x = 296*l + 219380, x - 219386 = -4*l. What is the thousands digit of l?
4
Suppose -2*l - 10 = 0, l - 110 = 2*q - 3*l. Let m = -300 - -79. Let n = q - m. What is the hundreds digit of n?
1
Let h = 223 + -217. What is the hundreds digit of 4/h*(-7077)/(-14)?
3
What is the units digit of 33/3 + 41800/5?
1
Let z(d) = -d**2 - 14*d - 26. Let a be z(-19). Let t = a + 185. What is the tens digit of t?
6
Let p(j) = -4179*j + 5310. What is the units digit of p(-10)?
0
Suppose -5*x + 3*k - 5 = 0, 27 = x + 11*k - 6*k. Suppose 2*y = 4*t - 3164, 2277 - 695 = x*t - 3*y. What is the hundreds digit of t?
7
Let x(p) = 122*p**3 - 16*p**2 + 14*p + 67. What is the units digit of x(5)?
7
Suppose 2*k - 22 = k. Let b = 18 - k. What is the tens digit of b - (-194)/2 - 3?
9
Suppose h + 1002 = s, 4*s + 479*h - 480*h = 4011. What is the thousands digit of s?
1
Suppose 13 = 4*l - 0*l + y, 14 = 2*l + 2*y. Suppose -l*n + 28 + 37 = -3*z, -2*n + 89 = 5*z. Let q = 41 - n. What is the units digit of q?
4
Let k = -971 - -998. What is the tens digit of ((-215)/45 - -5) + 23457/k?
6
What is the tens digit of (-9)/15*((-223836)/18 - 8)?
6
Let s = -39 - -23. Suppose 40 = r + 31. What is the units digit of ((-36)/s)/(r/48)?
2
Suppose 28880 = 177*c - 173*c. What is the units digit of c?
0
Suppose r - a = -3, 0 = 5*r + a + a - 6. Suppose -2*y - 5*g + 81 = r, 2*y + 2*g - 15 = 51. What is the tens digit of y?
2
Let s = -21 + -22. Let v = s + 41. What is the units digit of 5/(4 - -1) - v?
3
Let d be (-1)/2*(7 - 3 - 12). Suppose -4*o - 165 = -2*z - 3*o, d*o + 250 = 3*z. Let a = z - 14. What is the units digit of a?
8
Let j(q) = 491*q**2 - 32*q + 5. What is the hundreds digit of j(5)?
1
Suppose -3*i + 5*i = 4*w - 18, 0 = -5*w - 5*i. Suppose 3*r = 6*r - s - 2279, 0 = 4*r - w*s - 3037. What is the hundreds digit of r?
7
Let h = -419 + 827. Let k = h + 76. What is the units digit of k?
4
What is the hundreds digit of 18802 - (17 + -14)*3?
7
Suppose 3*n + 459 = -2*h + 2923, -2*n = 5*h - 6138. What is the hundreds digit of h?
2
Suppose -2*v - 4*k + 5654 = 0, 3*v = -3*k + 4*k + 8495. Suppose -5*s + 1935 = 2*c, -5*s - 896 = -3*c - v. What is the tens digit of s?
8
Suppose -4*x + 87698 = 12*c - 15*c, 0 = 2*c - 4. What is the thousands digit of x?
1
Let q(s) = 66*s**2 + 9*s - 59. What is the ten thousands digit of q(14)?
1
Let b(o) = 57*o + 12. Suppose -201 = -3*f - 192. What is the units digit of b(f)?
3
Suppose 1762*w - 1746*w = 343568. What is the units digit of w?
3
Suppose -3*p + 1245 = 4*l, 2*l + 5*p - 308 = 311. Let m = -102 + l. What is the hundreds digit of m?
2
Suppose 7*r - 1485 - 37386 = 0. What is the hundreds digit of r?
5
Let b be 3/4*161*76. Suppose -4*t = 15*t - b. What is the hundreds digit of t?
4
What is the units digit of 48/(-32)*(-1974 - 2)?
4
Let t(d) = 693*d + 36. What is the hundreds digit of t(4)?
8
What is the ten thousands digit of (-12)/4*24*(-59920)/84?
5
Suppose 11 = 3*q - 2*o - 2, 0 = 5*q + o - 13. Suppose 158 = 2*y - 2*n - 0*n, -4*n = -q*y + 240. What is the tens digit of y?
7
What is the ten thousands digit of (-165504)/(-15) - -6*8/120?
1
Let j(h) = -h**2 + 39*h - 29. Let m be -3 - 96/(0 + -3). What is the hundreds digit of j(m)?
2
Let v(d) = d**3 - 20*d**2 - 20*d - 422. What is the units digit of v(30)?
8
Suppose f - 592 = -3*p - 121, 902 = 2*f - 4*p. Suppose 8*a - 509 - f = 0. Let x = a + 39. What is the hundreds digit of x?
1
Suppose 23*n - 43256 - 242575 = 2*n. What is the ten thousands digit of n?
1
Suppose -5*c - 2*l = -43601, 2*c + 288*l = 292*l + 17450. What is the tens digit of c?
2
Let s = -2211 - -3203. Suppose s = 3*t - 4*x, -4*x = 5*t - 3*t - 648. What is the hundreds digit of t?
3
Let o(j) = 2*j**3 + 4*j + 45441. What is the ten thousands digit of o(0)?
4
Suppose 6669*q - 694792 = 6650*q. What is the hundreds digit of q?
5
Let g(r) be the first derivative of -34*r**2 - 22*r - 94. What is the tens digit of g(-4)?
5
Suppose 2*m = -6*m + 32. Suppose m = -b, 5*s + 3*b = -b - 606. Let g = s + 350. What is the units digit of g?
2
Suppose 4*h = -0*h + 8. Suppose -6*i + 3*i = -4*q + 103, 34 = h*q + 2*i. What is the units digit of ((-385)/q)/(2/(-8))?
0
Let n be 0/((-84)/18 - 25/(-15)). Let w be (-10 - 0)*2/(-4). Suppose 3*s + 176 = l, 2*l - w*s + n*s - 348 = 0. What is the units digit of l?
4
Let o be 1/(-4) - 7/4. Let t be 7 - (4 - 0) - o/(-2). Suppose -40 = -5*k + 2*g - 7*g, -13 = -t*k - 5*g. What is the units digit of k?
9
Let l(g) = 55*g**2 + 5*g + 58. Let c be l(-6). Let u = c - 771. What is the units digit of u?
7
Suppose s + 3 - 64 = c, 57 = s + 3*c. What is the tens digit of (168/15)/(182/s + -3)?
3
Let w = 380 - 378. Suppose 0 = n + 2*v - 219, -876 = -4*n - w*v + 5*v. What is the hundreds digit of n?
2
Let m(x) = 44*x + 889. What is the thousands digit of m(40)?
2
Suppose -153*c + 956441 = -1048471. What is the tens digit of c?
0
Suppose 2*k = -m + 8, 3*m - m = k + 1. Let i be 931/76 - m/8. Suppose i*t - 11*t - 82 = 0. What is the units digit of t?
2
Suppose 50*h = 63*h. Suppose -o + 527 - 88 = h. What is the units digit of o?
9
Suppose 6338 = 13*x + 163. Suppose 2*p + 4 = 0, 334 = j - 2*p - x. What is the tens digit of j?
0
Let f be (2/6)/(2/24). Let y be f - 2/((-8)/372). Let o = y - 59. What is the tens digit of o?
3
Suppose 0 = 2*p - 1224 + 254. Suppose o = 4*h - 605, -5*o = 5*h - p - 240. Let d = 45 + h. What is the units digit of d?
5
Let y(t) = -51*t + 8. Let x be y(-1). Let h = -59 + x. Suppose -2445 = -h*w - 15*w. What is the hundreds digit of w?
1
What is the tens digit of 43731/258 - 30/(-4)?
7
Suppose 0 = 5*c - 6 + 1. What is the tens digit of 31/2*c - 21/(-14)?
1
Suppose 0 = -3*a - 5*k + 3, -2*a = 2*a - 2*k - 4. Let g = a - -1. Suppose 0 = g*z - 100 - 34. What is the tens digit of z?
6
Let v = -123 + 133. What is the units digit of v/2 + 21 + 414?
0
Let x = 168 - 296. Let n = x - -344. What is the tens digit of n?
1
Suppose -5*l - 2027 = -4*v, 4*l = -v + 139 + 352. Suppose v + 4383 = 7*o. What is the tens digit of o?
9
Let a(x) = 17*x - x**3 - 30 + 2*x**3 + 36 - 17*x**2. Let c be a(17). Let q = c - 141. What is the hundreds digit of q?
1
Suppose -2*x - 1 = 5*w + 5, 0 = -x + 3*w + 8. Suppose -5*u = -x*k + 763, 3*k + 0*u - 1157 = -5*u. What is the units digit of k?
4
Suppose 0 = -9*b + 11*b - 4. Suppose 4*i = y + b*y + 2580, -i + 2*y + 650 = 0. Suppose 4*l + 4*d - i = -26, 166 = l - 3*d. What is the tens digit of l?
5
Suppose -2*a = 4*g + 3*a + 77, 34 = -2*g - 4*a. Suppose 0 = 68*z - 1348 + 4612. Let c = g - z. What is the tens digit of c?
2
Let c(y) = -494*y + 49. Let s(q) = -495*q + 48. Let b(r) = -7*c(r) + 6*s(r). What is the tens digit of b(3)?
0
Suppose -4*g + 606*v = 602*v - 332, -3 = -v. What is the units digit of g?
6
Let m be ((-3 - -2) + -84)/(2/(-4)). Suppose -3*z = -m - 1. Suppose -2*t = -t - z. What is the units digit of t?
7
Let a = -2733 + 2216. Suppose 3*g = -g - 1280. Let b = g - a. What is the hundreds digit of b?
1
Let r(d) = -d**3 - 3*d**2 - 2*d